80695 prime?
False
Is 126679 a composite number?
True
Is 48011 a composite number?
True
Is 2501 prime?
False
Is 90635 a composite number?
True
Is 34519 composite?
False
Is 761963 a prime number?
True
Is 379903 a composite number?
False
Is 631 a composite number?
False
Is 11443 prime?
True
Is 541 composite?
False
Is 241993 prime?
True
Is 7883 a composite number?
False
Is 262427 prime?
False
Is 21711 composite?
True
Is 7249 composite?
True
Is 187097 a prime number?
False
Is 12601 prime?
True
Is 8501 a composite number?
False
Is 91361 prime?
False
Is 19531 prime?
True
Is 22409 composite?
False
Is 31817 a composite number?
False
Is 7121 composite?
False
Is 99865 a prime number?
False
Is 22381 composite?
False
Is 6653 composite?
False
Is 37397 composite?
False
Is 7217 prime?
False
Is 34157 a composite number?
False
Is 16503 a prime number?
False
Is 358465 composite?
True
Is 35273 a composite number?
True
Is 1861 composite?
False
Is 34841 composite?
False
Is 481711 a composite number?
True
Is 68141 composite?
False
Is 2941 a prime number?
False
Is 1259 a prime number?
True
Is 289049 a composite number?
False
Is 96893 prime?
True
Is 10015 prime?
False
Is 2447 a composite number?
False
Is 42829 prime?
True
Is 8947 a prime number?
False
Is 132259 a prime number?
False
Is 1627942 a prime number?
False
Is 389 a prime number?
True
Is 313561 prime?
True
Is 92239 prime?
False
Is 78977 a composite number?
False
Is 249289 a composite number?
True
Is 377801 a prime number?
True
Is 1713035 composite?
True
Is 7817 composite?
False
Is 1619979 a prime number?
False
Is 80137 composite?
True
Is 176942 prime?
False
Is 45635 composite?
True
Is 168247 prime?
True
Is 8327 prime?
False
Is 384127 a composite number?
True
Is 168101 composite?
True
Is 871 a prime number?
False
Is 6563 a composite number?
False
Is 40519 composite?
False
Is 37781 composite?
False
Is 30909 a prime number?
False
Is 4789 a composite number?
False
Is 827693 composite?
False
Is 126101 composite?
True
Is 191 a composite number?
False
Is 154871 a composite number?
False
Is 5501 a composite number?
False
Is 1554253 a prime number?
False
Is 68041 a composite number?
False
Is 13963 a prime number?
True
Is 227299 a composite number?
False
Is 1399 composite?
False
Is 5556477 a composite number?
True
Is 838069 prime?
True
Is 5234 composite?
True
Is 7039 composite?
False
Is 481749 composite?
True
Is 429955 a composite number?
True
Is 706045 prime?
False
Is 2051 a composite number?
True
Is 699917 a composite number?
True
Is 64483 a prime number?
True
Is 18053 prime?
False
Is 19771 a composite number?
True
Is 705353 prime?
False
Is 42509 composite?
False
Is 2889655 prime?
False
Is 4589 prime?
False
Is 225947 a composite number?
True
Is 23554 composite?
True
Is 5437 composite?
False
Is 23117 composite?
False
Is 79967 a prime number?
True
Is 94637 a composite number?
True
Is 8899 composite?
True
Is 271 a composite number?
False
Is 5251 composite?
True
Is 69463 prime?
True
Is 367553 a composite number?
True
Is 242711 prime?
False
Is 620491 composite?
False
Is 3937 a prime number?
False
Is 11351 a composite number?
False
Is 101827 a composite number?
True
Is 193003 composite?
False
Is 304063 a composite number?
False
Is 324043 composite?
True
Is 47219 a composite number?
True
Is 4421 a prime number?
True
Is 7187 prime?
True
Is 17821 composite?
True
Is 16573 a composite number?
False
Is 409229 a prime number?
False
Is 3317161 a prime number?
False
Is 2317 prime?
False
Is 10495 a composite number?
True
Is 16603 prime?
True
Is 14131 a prime number?
False
Is 178726 prime?
False
Is 117053 prime?
True
Is 3357719 a prime number?
True
Is 3437 composite?
True
Is 1075577 composite?
False
Is 392803 prime?
True
Is 4421 prime?
True
Is 255259 a prime number?
True
Is 68977 a prime number?
False
Is 1031869 prime?
True
Is 390041 a prime number?
False
Is 34315 a composite number?
True
Is 76207 prime?
True
Is 693263 a prime number?
False
Is 80299 composite?
True
Is 38879 composite?
True
Is 442499 composite?
False
Is 6773 composite?
True
Is 21143 a composite number?
False
Is 40193 composite?
False
Is 18743 prime?
True
Is 2068003 a composite number?
True
Is 5599 a prime number?
False
Is 12197 a prime number?
True
Is 17723 prime?
False
Is 77317 prime?
True
Is 1361 a composite number?
False
Is 16217 composite?
False
Is 31495 composite?
True
Is 9094 composite?
True
Is 2479 a composite number?
True
Is 269899 a composite number?
True
Is 1293 a prime number?
False
Is 4153 a composite number?
False
Is 9643 a prime number?
True
Is 122495 a prime number?
False
Is 80567 a composite number?
False
Is 1220177 composite?
True
Is 909577 a prime number?
True
Is 15391 composite?
False
Is 69761 a composite number?
False
Is 20059 prime?
False
Is 32167 prime?
False
Is 5437 composite?
False
Is 71593 composite?
False
Is 2045 a composite number?
True
Is 8461 a composite number?
False
Is 693857 a composite number?
True
Is 207469 prime?
True
Is 23549 a prime number?
True
Is 65339 composite?
True
Is 100661 a composite number?
True
Is 36319 a prime number?
True
Is 37141 prime?
False
Is 162697 prime?
False
Is 8219 a composite number?
False
Is 7151 a prime number?
True
Is 546397 a composite number?
True
Is 7834 a prime number?
False
Is 1511 composite?
False
Is 119993 composite?
False
Is 203 a prime number?
False
Is 287 a prime number?
False
Is 50801 prime?
False
Is 10519 a prime number?
False
Is 285377 composite?
False
Is 603389 prime?
True
Is 2722 prime?
False
Is 194597 prime?
False
Is 139697 composite?
False
Is 60773 composite?
False
Is 24899 prime?
False
Is 46133 a prime number?
True
Is 100622 composite?
True
Is 166597 composite?
False
Is 3847 a composite number?
False
Is 4643 prime?
True
Is 760993 composite?
False
Is 178355 a prime number?
False
Is 1831547 a prime number?
False
Is 80763 a composite number?
True
Is 6311 composite?
False
Is 1847 prime?
True
Is 24913 prime?
False
Is 85837 a prime number?
True
Is 2510315 a prime number?
False
Is 5411 a prime number?
False
Is 333169 composite?
True
Is 14519 prime?
True
Is 12722 a prime number?
False
Is 17077 a composite number?
False
Is 42977 a prime number?
False
Is 490733 a prime number?
True
Is 49451 a prime number?
True
Is 4427 a prime number?
False
Is 274777 prime?
True
Is 10447 composite?
True
Is 204409 a composite number?
True
Is 247889 a prime number?
True
Is 305211 composite?
True
Is 15859 a composite number?
False
Is 2893 prime?
False
Is 70591 prime?
False
Is 38495 composite?
True
Is 3389 a prime number?
True
Is 129887 composite?
False
Is 985557 composite?
True
Is 34651 prime?
True
Is 33737 a prime number?
False
Is 81989 prime?
False
Is 10499 composite?
False
Is 2503 prime?
True
Is 36845 prime?
False
Is 107927 composite?
False
Is 603331 a composite number?
True
Is 4391 a composite number?
False
Is 35669 composite?
True
Is 15877 a prime number?
True
Is 1850117 prime?
False
Is 50833 composite?
False
Is 287 a composite number?
True
Is 734417 prime?
False
Is 895255 composite?
True
Is 990881 composite?
False
Is 986695 composite?
True
Is 186469 a composite number?
False
Is 30409 composite?
True
Is 6047 a prime number?
True
Is 3149 prime?
False
Is 42899 a prime number?
True
Is 24233 a prime number?
False
Is 223697 composite?
False
Is 160141 prime?
True
Is 163919 composite?
True
Is 11629 a composite number?
True
Is 82439 prime?
False
Is 1039 prime?
True
Is 507289 a prime number?
True
Is 3453 composite?
True
Is 657971 prime?
False
Is 96731 prime?
True
Is 25183 a composite number?
False
Is 6343 a prime number?
True
Is 5327 a prime number?
False
Is 303137 a prime number?
False
Is 412891 composite?
False
Is 36151 prime?
True
Is 91394 prime?
False
Is 35191 composite?
True
Is 2520073 prime?
True
Is 124957 a composite number?
True
Is 32459 composite?
True
Is 27519 a prime number?
False
Is 23645 composite?
True
Is 200049 a composite number?
True
Is 217263 a composite number?
True
Is 1255849 prime?
False
Is 8659 a composite number?
True
Is 143177 prime?
True
Is 530323 a prime number?
False
Is 436733 a composite number?
True
Is 1192651 composite?
False
Is 2345539 composite?
True
Is 2563 a prime number?
False
Is 93667 a prime number?
False
Is 20063 prime?
True
Is 184247 a prime number?
False
Is 188767 prime?
True
Is